{"id":12,"date":"2017-02-11T10:21:25","date_gmt":"2017-02-11T09:21:25","guid":{"rendered":"http:\/\/soutenirhaiti.org\/?page_id=12"},"modified":"2025-11-05T10:47:23","modified_gmt":"2025-11-05T09:47:23","slug":"actualites","status":"publish","type":"page","link":"https:\/\/haitienchoeur.org\/?page_id=12","title":{"rendered":"Actualit\u00e9s"},"content":{"rendered":"<nav class=\"is-responsive wp-block-navigation is-layout-flex wp-block-navigation-is-layout-flex\" aria-label=\"Menu des r\u00e9seaux sociaux\" \n\t\t data-wp-interactive=\"core\/navigation\" data-wp-context='{\"overlayOpenedBy\":{\"click\":false,\"hover\":false,\"focus\":false},\"type\":\"overlay\",\"roleAttribute\":\"\",\"ariaLabel\":\"Menu\"}'><button aria-haspopup=\"dialog\" aria-label=\"Ouvrir le menu\" class=\"wp-block-navigation__responsive-container-open\" \n\t\t\t\tdata-wp-on--click=\"actions.openMenuOnClick\"\n\t\t\t\tdata-wp-on--keydown=\"actions.handleMenuKeydown\"\n\t\t\t><svg width=\"24\" height=\"24\" xmlns=\"http:\/\/www.w3.org\/2000\/svg\" viewBox=\"0 0 24 24\" aria-hidden=\"true\" focusable=\"false\"><path d=\"M4 7.5h16v1.5H4z\"><\/path><path d=\"M4 15h16v1.5H4z\"><\/path><\/svg><\/button>\n\t\t\t\t<div class=\"wp-block-navigation__responsive-container\"  id=\"modal-1\" \n\t\t\t\tdata-wp-class--has-modal-open=\"state.isMenuOpen\"\n\t\t\t\tdata-wp-class--is-menu-open=\"state.isMenuOpen\"\n\t\t\t\tdata-wp-watch=\"callbacks.initMenu\"\n\t\t\t\tdata-wp-on--keydown=\"actions.handleMenuKeydown\"\n\t\t\t\tdata-wp-on--focusout=\"actions.handleMenuFocusout\"\n\t\t\t\ttabindex=\"-1\"\n\t\t\t>\n\t\t\t\t\t<div class=\"wp-block-navigation__responsive-close\" tabindex=\"-1\">\n\t\t\t\t\t\t<div class=\"wp-block-navigation__responsive-dialog\" \n\t\t\t\tdata-wp-bind--aria-modal=\"state.ariaModal\"\n\t\t\t\tdata-wp-bind--aria-label=\"state.ariaLabel\"\n\t\t\t\tdata-wp-bind--role=\"state.roleAttribute\"\n\t\t\t>\n\t\t\t\t\t\t\t<button aria-label=\"Fermer le menu\" class=\"wp-block-navigation__responsive-container-close\" \n\t\t\t\tdata-wp-on--click=\"actions.closeMenuOnClick\"\n\t\t\t><svg xmlns=\"http:\/\/www.w3.org\/2000\/svg\" viewBox=\"0 0 24 24\" width=\"24\" height=\"24\" aria-hidden=\"true\" focusable=\"false\"><path d=\"m13.06 12 6.47-6.47-1.06-1.06L12 10.94 5.53 4.47 4.47 5.53 10.94 12l-6.47 6.47 1.06 1.06L12 13.06l6.47 6.47 1.06-1.06L13.06 12Z\"><\/path><\/svg><\/button>\n\t\t\t\t\t\t\t<div class=\"wp-block-navigation__responsive-container-content\" \n\t\t\t\tdata-wp-watch=\"callbacks.focusFirstElement\"\n\t\t\t id=\"modal-1-content\">\n\t\t\t\t\t\t\t\t<ul class=\"wp-block-navigation__container is-responsive wp-block-navigation\"><li class=\"wp-block-navigation-item\"><div class=\"wp-block-site-logo\"><a href=\"https:\/\/haitienchoeur.org\/\" class=\"custom-logo-link\" rel=\"home\"><img loading=\"lazy\" decoding=\"async\" width=\"120\" height=\"120\" src=\"https:\/\/haitienchoeur.org\/wp-content\/uploads\/2022\/07\/cropped-logo_haiti_en_choeur1.png\" class=\"custom-logo\" alt=\"HAITI en Ch\u0153ur\" srcset=\"https:\/\/haitienchoeur.org\/wp-content\/uploads\/2022\/07\/cropped-logo_haiti_en_choeur1.png 190w, https:\/\/haitienchoeur.org\/wp-content\/uploads\/2022\/07\/cropped-logo_haiti_en_choeur1-150x150.png 150w, https:\/\/haitienchoeur.org\/wp-content\/uploads\/2022\/07\/cropped-logo_haiti_en_choeur1-100x100.png 100w\" sizes=\"auto, (max-width: 34.9rem) calc(100vw - 2rem), (max-width: 53rem) calc(8 * (100vw \/ 12)), (min-width: 53rem) calc(6 * (100vw \/ 12)), 100vw\" \/><\/a><\/div><\/li><\/ul>\n<div class=\"wp-block-buttons is-layout-flex wp-block-buttons-is-layout-flex\">\n<div class=\"wp-block-button\"><a class=\"wp-block-button__link wp-element-button\" href=\"https:\/\/haitienchoeur.org\/?p=1605\">CLIQUER POUR ALLER AUX AUTRES ACTUALITES DU SITE <\/a><\/div>\n<\/div>\n\n\t\t\t\t\t\t\t<\/div>\n\t\t\t\t\t\t<\/div>\n\t\t\t\t\t<\/div>\n\t\t\t\t<\/div><\/nav>\n\n\n<h2 class=\"wp-block-heading\">Rencontre au Lyc\u00e9e Professionnel de Montmorency \u2013 Un geste solidaire pour Ha\u00efti en Ch\u0153ur <\/h2>\n\n\n\n<p>Le <strong>24 juin 2025<\/strong>, le pr\u00e9sident de notre association Ha\u00efti en Ch\u0153ur a eu le plaisir de rencontrer un groupe d&rsquo;\u00e9l\u00e8ves du <strong><a href=\"https:\/\/lyc-turgot-montmorency.ac-versailles.fr\/\">Lyc\u00e9e <\/a><a href=\"http:\/\/lyc-turgot-montmorency.ac-versailles.fr\/\">des M\u00e9tiers Turgot<\/a> <\/strong>de Montmorency. Cette rencontre s\u2019inscrivait dans le cadre de leur travail de fin d\u2019\u00e9tudes, un projet collectif \u00e0 la fois formateur et solidaire.<\/p>\n\n\n\n<p>Depuis deux ans, ces jeunes \u00e9l\u00e8ves ont choisi de collecter des fonds au profit d\u2019associations caritatives. Cette ann\u00e9e, elles ont d\u00e9cid\u00e9 de soutenir Ha\u00efti en Ch\u0153ur, un geste profond\u00e9ment touchant qui t\u00e9moigne de leur sens de la solidarit\u00e9 et de leur ouverture au monde.<\/p>\n\n\n\n<p>Apr\u00e8s la pr\u00e9sentation de leurs travaux et des actions locales de bourses aux v\u00eatements auxquelles elles ont particip\u00e9 pendant plusieurs jours, les repr\u00e9sentants de l&rsquo;<a href=\"https:\/\/www.ermont.fr\/153-60\/ficheAnnu\/association-generale-des-familles-d-ermont-federation-familles-de-france.htm\">Association des familles d&rsquo;Ermont<\/a> et de l&rsquo;<a href=\"https:\/\/www.familles-de-france.org\/fr\/agir-avec-familles-de-france\/association\/791\/205\/901\/all\/association-generale-des-familles-de\">Association des familles de Montmorency<\/a>, invit\u00e9es ont pris la parole pour \u00e9changer avec elles sur leurs missions et leurs engagements.<\/p>\n\n\n\n<p>Le moment culminant de la c\u00e9r\u00e9monie fut atteint lors de la <strong>remise de deux ch\u00e8que<\/strong>s au pr\u00e9sident de notre association. Celui-ci a f\u00e9licit\u00e9 les \u00e9l\u00e8ves pour leur initiative, leur s\u00e9rieux et leur g\u00e9n\u00e9rosit\u00e9, tout en remerciant chaleureusement l\u2019\u00e9quipe \u00e9ducative du lyc\u00e9e, les associations locales partenaires et bien s\u00fbr les \u00e9l\u00e8ves elles-m\u00eames pour ce don porteur d\u2019espoir.<\/p>\n\n\n\n<p>Les fonds r\u00e9colt\u00e9s contribueront au <strong>financement du forage d\u2019un puits et \u00e0 la potabilisation de l\u2019eau<\/strong> \u00e0 l\u2019<strong>\u00e9cole Notre Dame des Petits<\/strong> \u00e0 Port-au-Prince, en Ha\u00efti. Ce projet permettra d\u2019am\u00e9liorer les conditions de vie et d\u2019apprentissage des \u00e9l\u00e8ves et du personnel de l\u2019\u00e9tablissement.<\/p>\n\n\n\n<p>Encore un grand merci au Lyc\u00e9e professionnel de Montmorency et \u00e0 ses \u00e9l\u00e8ves pour ce magnifique geste de solidarit\u00e9 !<\/p>\n\n\n\n<p><\/p>\n\n\n\n<p><\/p>\n\n\n\n<p>Les \u00e9l\u00e8ves pr\u00e9sentent leur travail dans le cadre du cours d&rsquo;introduction \u00e0 la solidarit\u00e9<\/p>\n\n\n\n<figure class=\"wp-block-image size-large\"><img loading=\"lazy\" decoding=\"async\" width=\"1024\" height=\"768\" src=\"https:\/\/haitienchoeur.org\/wp-content\/uploads\/2025\/07\/Montmorency-2-1024x768.jpg\" alt=\"\" class=\"wp-image-1624\" srcset=\"https:\/\/haitienchoeur.org\/wp-content\/uploads\/2025\/07\/Montmorency-2-1024x768.jpg 1024w, https:\/\/haitienchoeur.org\/wp-content\/uploads\/2025\/07\/Montmorency-2-300x225.jpg 300w, https:\/\/haitienchoeur.org\/wp-content\/uploads\/2025\/07\/Montmorency-2-768x576.jpg 768w, https:\/\/haitienchoeur.org\/wp-content\/uploads\/2025\/07\/Montmorency-2-1536x1152.jpg 1536w, https:\/\/haitienchoeur.org\/wp-content\/uploads\/2025\/07\/Montmorency-2-1568x1176.jpg 1568w, https:\/\/haitienchoeur.org\/wp-content\/uploads\/2025\/07\/Montmorency-2-450x338.jpg 450w, https:\/\/haitienchoeur.org\/wp-content\/uploads\/2025\/07\/Montmorency-2.jpg 1600w\" sizes=\"auto, (max-width: 1024px) 100vw, 1024px\" \/><\/figure>\n\n\n\n<p><\/p>\n\n\n\n<p><\/p>\n\n\n\n<p>El\u00e8ves, Repr\u00e9sentantes des deux associations de bourse aux v\u00eatements et Encadrants d&rsquo;\u00e9l\u00e8ves en discussion<\/p>\n\n\n\n<figure class=\"wp-block-image size-large is-resized\"><img loading=\"lazy\" decoding=\"async\" width=\"1024\" height=\"768\" src=\"https:\/\/haitienchoeur.org\/wp-content\/uploads\/2025\/07\/Montmorency-1024x768.jpg\" alt=\"\" class=\"wp-image-1623\" style=\"width:1024px;height:auto\" srcset=\"https:\/\/haitienchoeur.org\/wp-content\/uploads\/2025\/07\/Montmorency-1024x768.jpg 1024w, https:\/\/haitienchoeur.org\/wp-content\/uploads\/2025\/07\/Montmorency-300x225.jpg 300w, https:\/\/haitienchoeur.org\/wp-content\/uploads\/2025\/07\/Montmorency-768x576.jpg 768w, https:\/\/haitienchoeur.org\/wp-content\/uploads\/2025\/07\/Montmorency-1536x1152.jpg 1536w, https:\/\/haitienchoeur.org\/wp-content\/uploads\/2025\/07\/Montmorency-1568x1176.jpg 1568w, https:\/\/haitienchoeur.org\/wp-content\/uploads\/2025\/07\/Montmorency-450x338.jpg 450w, https:\/\/haitienchoeur.org\/wp-content\/uploads\/2025\/07\/Montmorency.jpg 1600w\" sizes=\"auto, (max-width: 1024px) 100vw, 1024px\" \/><\/figure>\n\n\n\n<p><\/p>\n\n\n\n<p><\/p>\n\n\n\n<p>Flyers pr\u00e9par\u00e9s par les \u00e9l\u00e8ves et les ch\u00e8ques de dons \u00e0 notre association<\/p>\n\n\n\n<figure class=\"wp-block-image size-large\"><img loading=\"lazy\" decoding=\"async\" width=\"768\" height=\"1024\" src=\"https:\/\/haitienchoeur.org\/wp-content\/uploads\/2025\/11\/Montmorency1-768x1024.jpg\" alt=\"\" class=\"wp-image-1643\" srcset=\"https:\/\/haitienchoeur.org\/wp-content\/uploads\/2025\/11\/Montmorency1-768x1024.jpg 768w, https:\/\/haitienchoeur.org\/wp-content\/uploads\/2025\/11\/Montmorency1-225x300.jpg 225w, https:\/\/haitienchoeur.org\/wp-content\/uploads\/2025\/11\/Montmorency1-1152x1536.jpg 1152w, https:\/\/haitienchoeur.org\/wp-content\/uploads\/2025\/11\/Montmorency1-450x600.jpg 450w, https:\/\/haitienchoeur.org\/wp-content\/uploads\/2025\/11\/Montmorency1.jpg 1200w\" sizes=\"auto, (max-width: 768px) 100vw, 768px\" \/><\/figure>\n","protected":false},"excerpt":{"rendered":"<p>Rencontre au Lyc\u00e9e Professionnel de Montmorency \u2013 Un geste solidaire pour Ha\u00efti en Ch\u0153ur Le 24 juin 2025, le pr\u00e9sident de notre association Ha\u00efti en Ch\u0153ur a eu le plaisir de rencontrer un groupe d&rsquo;\u00e9l\u00e8ves du Lyc\u00e9e des M\u00e9tiers Turgot de Montmorency. Cette rencontre s\u2019inscrivait dans le cadre de leur travail de fin d\u2019\u00e9tudes, un [&hellip;]<\/p>\n","protected":false},"author":1,"featured_media":0,"parent":0,"menu_order":0,"comment_status":"closed","ping_status":"closed","template":"","meta":{"_exactmetrics_skip_tracking":false,"_exactmetrics_sitenote_active":false,"_exactmetrics_sitenote_note":"","_exactmetrics_sitenote_category":0,"footnotes":""},"class_list":["post-12","page","type-page","status-publish","hentry","entry"],"_links":{"self":[{"href":"https:\/\/haitienchoeur.org\/index.php?rest_route=\/wp\/v2\/pages\/12","targetHints":{"allow":["GET"]}}],"collection":[{"href":"https:\/\/haitienchoeur.org\/index.php?rest_route=\/wp\/v2\/pages"}],"about":[{"href":"https:\/\/haitienchoeur.org\/index.php?rest_route=\/wp\/v2\/types\/page"}],"author":[{"embeddable":true,"href":"https:\/\/haitienchoeur.org\/index.php?rest_route=\/wp\/v2\/users\/1"}],"replies":[{"embeddable":true,"href":"https:\/\/haitienchoeur.org\/index.php?rest_route=%2Fwp%2Fv2%2Fcomments&post=12"}],"version-history":[{"count":23,"href":"https:\/\/haitienchoeur.org\/index.php?rest_route=\/wp\/v2\/pages\/12\/revisions"}],"predecessor-version":[{"id":1648,"href":"https:\/\/haitienchoeur.org\/index.php?rest_route=\/wp\/v2\/pages\/12\/revisions\/1648"}],"wp:attachment":[{"href":"https:\/\/haitienchoeur.org\/index.php?rest_route=%2Fwp%2Fv2%2Fmedia&parent=12"}],"curies":[{"name":"wp","href":"https:\/\/api.w.org\/{rel}","templated":true}]}}