{"id":113,"date":"2017-03-27T13:51:21","date_gmt":"2017-03-27T11:51:21","guid":{"rendered":"http:\/\/haitienchoeur.org\/?page_id=113"},"modified":"2020-09-09T15:40:17","modified_gmt":"2020-09-09T13:40:17","slug":"programme-de-formation-pour-la-mission-orthodoxe-dhaiti","status":"publish","type":"page","link":"https:\/\/haitienchoeur.org\/?page_id=113","title":{"rendered":"Le suivi par le multim\u00e9dia"},"content":{"rendered":"<p style=\"text-align: center;\"><em>Un projet de formation, pour les b\u00e9n\u00e9voles en Ha\u00efti,\u00a0dans le domaine de l\u2019informatique, de la communication, de la photographie et de la vid\u00e9ographie num\u00e9riques.<\/em><\/p>\n<h6 style=\"text-align: justify;\"><span style=\"color: #008000;\"><strong>Etablir un lien de communication<\/strong><\/span><\/h6>\n<p style=\"text-align: justify;\">\u00a0 \u00a0 \u00a0 \u00a0 \u00a0Il n\u2019est possible d\u2019aider autrui qu\u2019en sachant ce dont il a vraiment besoin. Aider autrui n\u00e9cessite de le connaitre et d\u2019\u00e9tablir avec lui des liens solides. Solidarit\u00e9 se conjugue donc avec proximit\u00e9. C\u2019est la finalit\u00e9 qui nous tient \u00e0 coeur et c\u2019est celle qui nous a pouss\u00e9 \u00e0 concevoir des s\u00e9ances de formation intensive pour nos b\u00e9n\u00e9voles en Ha\u00efti. La formation permettra d\u2019\u00e9tablir un lien de communication permanent entre l\u2019association HA\u00cfTI en Ch\u0153ur et les personnes vivant en Ha\u00efti. Il s\u2019agit de former une quinzaine de personnes dans 7 communes de ce pays dans le domaine de l\u2019informatique, de la communication, de la photographie et de la vid\u00e9ographie num\u00e9riques. Une fois ce lien \u00e9tabli, l\u2019association HA\u00cfTI en Ch\u0153ur disposera d\u2019un r\u00e9seau de collaborateurs comp\u00e9tents sur place. Ce r\u00e9seau indispensable rendra plus effectif le soutien que nous voulons apporter aux Ha\u00eftiens \u00e0 travers nos diff\u00e9rentes initiatives.<\/p>\n<h6 style=\"text-align: justify;\"><span style=\"color: #008000;\"><strong>La communication via le multim\u00e9dia<\/strong><\/span><\/h6>\n<p style=\"text-align: justify;\">\u00a0 \u00a0 \u00a0 \u00a0 \u00a0La communication, de nos jours, ne se limite pas aux paroles mais dispose d\u2019un registre beaucoup plus \u00e9tendu. Ce que nous recherchons c\u2019est non seulement un pont humain entre la France et Ha\u00efti, mais aussi des informations fiables pour orienter nos actions et pour servir d\u2019interface \u00e0 nos bienfaiteurs et amis donateurs ici en France. Dans notre contexte actuel en effet, les retours que nous avons eus de ce qu\u2019on a d\u00e9j\u00e0 commenc\u00e9 en Ha\u00efti notamment aux Cayes et \u00e0 Port-au-Prince (photographies floues, pas de vid\u00e9os, textes confus) ne sont pas de qualit\u00e9. Or, il est extr\u00eamement important d\u2019avoir un bon suivi des projets engag\u00e9s afin de pouvoir assurer leur r\u00e9ussite.<\/p>\n<h6 style=\"text-align: justify;\"><span style=\"color: #008000;\"><strong>Ce dont nous avons besoin \u2013 les outils de travail<\/strong><\/span><\/h6>\n<p style=\"text-align: justify;\">\u00a0 \u00a0 \u00a0 \u00a0 \u00a0Actuellement, une collecte de mat\u00e9riels est en cours. L\u2019association HA\u00cfTI en Ch\u0153ur recherche\u00a0 du mat\u00e9riel n\u00e9cessaire \u00e0 la formation tel que :<\/p>\n<ul style=\"text-align: justify;\">\n<li>des moyens financiers (pour le transport du mat\u00e9riel, pour nourrir les participants, pour avoir acc\u00e8s \u00e0 un bon r\u00e9seau Internet).<\/li>\n<li>des panneaux solaires pour un syst\u00e8me d\u2019\u00e9nergie autonome afin d\u2019alimenter les appareils aux heures de cours (car Ha\u00efti ne b\u00e9n\u00e9ficie pas de l\u2019\u00e9lectricit\u00e9 de mani\u00e8re stable ni fiable).<\/li>\n<li>des smartphones avec appareil photo int\u00e9gr\u00e9 \u00e0 partir de 5 m\u00e9gapixels,<\/li>\n<li>des appareils photo num\u00e9riques \u00e0 partir de 5 m\u00e9gapixels,<\/li>\n<li>des cam\u00e9<\/li>\n<li>un vid\u00e9o-projecteur<\/li>\n<li>des mat\u00e9riels accessoires pour les appareils photos et smartphones (tr\u00e9pieds, flashs, filtres,\u2026)<\/li>\n<li>des ordinateurs compacts (complets si possible)<\/li>\n<\/ul>\n<h6 style=\"text-align: justify;\"><span style=\"color: #008000;\"><strong>Participer<\/strong><\/span><\/h6>\n<p style=\"text-align: justify;\">\u00a0 \u00a0 \u00a0 \u00a0 \u00a0Si vous souhaitez soutenir le projet par vos dons en mat\u00e9riels, n\u2019h\u00e9sitez pas \u00e0 prendre contact avec le secr\u00e9tariat.<\/p>\n<p style=\"text-align: justify;\">\u00a0 \u00a0 \u00a0 \u00a0 \u00a0Vos dons financiers peuvent \u00eatre effectu\u00e9s <span style=\"color: #008000;\"><strong><a style=\"color: #008000;\" href=\"http:\/\/haitienchoeur.org\/?page_id=121\" target=\"_blank\" rel=\"noopener noreferrer\">ici<\/a><\/strong><\/span>\u00a0en inscrivant votre montant dans le champ de saisie \u00ab\u00a0montant libre\u00a0\u00bb.<\/p>\n<p style=\"text-align: justify;\">\u00a0 \u00a0 \u00a0 \u00a0 \u00a0Vous pouvez aussi consulter le projet <span style=\"color: #008000;\"><strong><a style=\"color: #008000;\" href=\"http:\/\/haitienchoeur.org\/wp-content\/uploads\/2017\/03\/Projet-formation-multimedia-aout-2017.pdf\" target=\"_blank\" rel=\"noopener noreferrer\">ici<\/a><\/strong><\/span>.<\/p>\n<p style=\"text-align: justify;\">\u00a0 \u00a0 \u00a0 \u00a0 \u00a0<span style=\"color: #008000;\"><strong>Nous vous remercions d\u2019avance de tout c\u0153ur!<\/strong><\/span><\/p>\n<p>&nbsp;<\/p>\n","protected":false},"excerpt":{"rendered":"<p>Un projet de formation, pour les b\u00e9n\u00e9voles en Ha\u00efti,\u00a0dans le domaine de l\u2019informatique, de la communication, de la photographie et de la vid\u00e9ographie num\u00e9riques. Etablir un lien de communication \u00a0 \u00a0 \u00a0 \u00a0 \u00a0Il n\u2019est possible d\u2019aider autrui qu\u2019en sachant ce dont il a vraiment besoin. Aider autrui n\u00e9cessite de le connaitre et d\u2019\u00e9tablir avec [&hellip;]<\/p>\n","protected":false},"author":1,"featured_media":0,"parent":0,"menu_order":0,"comment_status":"closed","ping_status":"closed","template":"","meta":{"_exactmetrics_skip_tracking":false,"_exactmetrics_sitenote_active":false,"_exactmetrics_sitenote_note":"","_exactmetrics_sitenote_category":0,"footnotes":""},"class_list":["post-113","page","type-page","status-publish","hentry","entry"],"_links":{"self":[{"href":"https:\/\/haitienchoeur.org\/index.php?rest_route=\/wp\/v2\/pages\/113","targetHints":{"allow":["GET"]}}],"collection":[{"href":"https:\/\/haitienchoeur.org\/index.php?rest_route=\/wp\/v2\/pages"}],"about":[{"href":"https:\/\/haitienchoeur.org\/index.php?rest_route=\/wp\/v2\/types\/page"}],"author":[{"embeddable":true,"href":"https:\/\/haitienchoeur.org\/index.php?rest_route=\/wp\/v2\/users\/1"}],"replies":[{"embeddable":true,"href":"https:\/\/haitienchoeur.org\/index.php?rest_route=%2Fwp%2Fv2%2Fcomments&post=113"}],"version-history":[{"count":12,"href":"https:\/\/haitienchoeur.org\/index.php?rest_route=\/wp\/v2\/pages\/113\/revisions"}],"predecessor-version":[{"id":1039,"href":"https:\/\/haitienchoeur.org\/index.php?rest_route=\/wp\/v2\/pages\/113\/revisions\/1039"}],"wp:attachment":[{"href":"https:\/\/haitienchoeur.org\/index.php?rest_route=%2Fwp%2Fv2%2Fmedia&parent=113"}],"curies":[{"name":"wp","href":"https:\/\/api.w.org\/{rel}","templated":true}]}}